eds digit of 3069?
0
What is the hundreds digit of 14074?
0
What is the hundreds digit of 5068?
0
What is the tens digit of 446?
4
What is the tens digit of 16369?
6
What is the tens digit of 381?
8
What is the units digit of 32511?
1
What is the tens digit of 1030?
3
What is the thousands digit of 3308?
3
What is the tens digit of 9009?
0
What is the tens digit of 602?
0
What is the thousands digit of 3657?
3
What is the units digit of 868?
8
What is the units digit of 913?
3
What is the tens digit of 9228?
2
What is the ten thousands digit of 29528?
2
What is the thousands digit of 1359?
1
What is the tens digit of 788?
8
What is the units digit of 49511?
1
What is the units digit of 22519?
9
What is the tens digit of 4789?
8
What is the hundreds digit of 4346?
3
What is the ten thousands digit of 22904?
2
What is the units digit of 33384?
4
What is the thousands digit of 2975?
2
What is the units digit of 23174?
4
What is the units digit of 4860?
0
What is the units digit of 71997?
7
What is the units digit of 19674?
4
What is the units digit of 183?
3
What is the tens digit of 1051?
5
What is the tens digit of 552?
5
What is the ten thousands digit of 10794?
1
What is the hundred thousands digit of 177490?
1
What is the thousands digit of 1921?
1
What is the tens digit of 14447?
4
What is the thousands digit of 2767?
2
What is the thousands digit of 1661?
1
What is the thousands digit of 165448?
5
What is the ten thousands digit of 49011?
4
What is the hundreds digit of 342?
3
What is the tens digit of 40334?
3
What is the thousands digit of 1740?
1
What is the hundreds digit of 864?
8
What is the ten thousands digit of 37317?
3
What is the hundreds digit of 44866?
8
What is the units digit of 4495?
5
What is the hundreds digit of 24899?
8
What is the tens digit of 2246?
4
What is the units digit of 802?
2
What is the hundreds digit of 376?
3
What is the ten thousands digit of 19224?
1
What is the hundreds digit of 2380?
3
What is the tens digit of 614?
1
What is the tens digit of 6433?
3
What is the tens digit of 3801?
0
What is the hundreds digit of 5817?
8
What is the units digit of 24072?
2
What is the hundreds digit of 1878?
8
What is the hundreds digit of 1396?
3
What is the tens digit of 307?
0
What is the hundreds digit of 5275?
2
What is the thousands digit of 2060?
2
What is the hundreds digit of 375?
3
What is the tens digit of 24139?
3
What is the tens digit of 76851?
5
What is the hundreds digit of 3565?
5
What is the thousands digit of 37411?
7
What is the hundreds digit of 11311?
3
What is the hundreds digit of 6259?
2
What is the units digit of 23?
3
What is the units digit of 1845?
5
What is the thousands digit of 7302?
7
What is the tens digit of 27879?
7
What is the hundreds digit of 12219?
2
What is the hundreds digit of 1249?
2
What is the units digit of 8828?
8
What is the thousands digit of 1599?
1
What is the thousands digit of 2137?
2
What is the tens digit of 530?
3
What is the thousands digit of 8994?
8
What is the units digit of 79612?
2
What is the thousands digit of 23418?
3
What is the ten thousands digit of 24571?
2
What is the ten thousands digit of 29148?
2
What is the tens digit of 796?
9
What is the units digit of 3653?
3
What is the units digit of 148?
8
What is the thousands digit of 35136?
5
What is the units digit of 16217?
7
What is the tens digit of 3771?
7
What is the hundreds digit of 3572?
5
What is the ten thousands digit of 71364?
7
What is the tens digit of 32046?
4
What is the thousands digit of 2187?
2
What is the ten thousands digit of 22960?
2
What is the tens digit of 2033?
3
What is the units digit of 12686?
6
What is the ten thousands digit of 20846?
2
What is the units digit of 30?
0
What is the hundreds digit of 35585?
5
What is the units digit of 86418?
8
What is the units digit of 4073?
3
What is the units digit of 3270?
0
What is the thousands digit of 10376?
0
What is the units digit of 1989?
9
What is the units digit of 2209?
9
What is the hundreds digit of 1598?
5
What is the ten thousands digit of 43712?
4
What is the thousands digit of 18106?
8
What is the thousands digit of 3705?
3
What is the tens digit of 73074?
7
What is the tens digit of 17273?
7
What is the units digit of 2354?
4
What is the units digit of 21755?
5
What is the tens digit of 143?
4
What is the thousands digit of 2502?
2
What is the tens digit of 51252?
5
What is the units digit of 6113?
3
What is the tens digit of 31746?
4
What is the tens digit of 3801?
0
What is the thousands digit of 79380?
9
What is the hundreds digit of 772?
7
What is the tens digit of 14807?
0
What is the hundreds digit of 368?
3
What is the thousands digit of 23243?
3
What is the thousands digit of 6104?
6
What is the units digit of 1435?
5
What is the units digit of 4750?
0
What is the thousands digit of 26007?
6
What is the thousands digit of 95168?
5
What is the units digit of 215?
5
What is the ten thousands digit of 144411?
4
What is the hundreds digit of 12664?
6
What is the units digit of 5504?
4
What is the hundreds digit of 31569?
5
What is the hundreds digit of 427?
4
What is the hundreds digit of 2876?
8
What is the ten thousands digit of 43395?
4
What is the tens digit of 1054?
5
What is the tens digit of 5443?
4
What is the tens digit of 5426?
2
What is the hundreds digit of 995?
9
What is the hundreds digit of 592?
5
What is the hundred thousands digit of 101545?
1
What is the units digit of 411?
1
What is the tens digit of 14503?
0
What is the units digit of 115?
5
What is the units digit of 4507?
7
What is the thousands digit of 11277?
1
What is the thousands digit of 2218?
2
What is the tens digit of 1316?
1
What is the ten thousands digit of 30752?
3
What is the hundreds digit of 61569?
5
What is the thousands digit of 8771?
8
What is the tens digit of 2087?
8
What is the tens digit of 67331?
3
What is the tens digit of 1570?
7
What is the units digit of 9489?
9
What is the tens digit of 3739?
3
What is the hundreds digit of 292?
2
What is the tens digit of 1459?
5
What is the hundreds digit of 46315?
3
What is the units digit of 57458?
8
What is the units digit of 4567?
7
What is the hundreds digit of 1635?
6
What is the tens digit of 127?
2
What is the tens digit of 6851?
5
What is the tens digit of 5855?
5
What is the thousands digit of 3032?
3
What is the hundreds digit of 1548?
5
What is the hundreds digit of 2300?
3
What is the hundreds digit of 170?
1
What is the thousands digit of 9665?
9
What is the thousands digit of 2606?
2
What is the tens digit of 1083?
8
What is the units digit of 5785?
5
What is the tens digit of 677?
7
What is the thousands digit of 16688?
6
What is the hundreds digit of 3516?
5
What is the thousands digit of 4243?
4
What is the units digit of 372?
2
What is the tens digit of 620?
2
What is the thousands digit of 2677?
2
What is the hundreds digit of 98996?
9
What is the thousands digit of 60441?
0
What is the tens digit of 1076?
7
What is the thousands digit of 1229?
1
What is the tens digit of 62654?
5
What is the tens digit of 10725?
2
What is the hundreds digit of 63183?
1
What is the ten thousands digit of 69956?
6
What is the units digit of 1339?
9
What is the hundreds digit of 563?
5
What is the ten thousands digit of 16642?
1
What is the thousands digit of 10776?
0
What is the hundreds digit of 175220?
2
What is the units digit of 3154?
4
What is the tens digit of 178?
7
What is the hundreds digit of 1147?
1
What is the units digit of 826?
6
What is the units digit of 3486?
6
What is the ten thousands digit of 34930?
3
What is the hundreds digit of 18190?
1
What is the units digit of 48554?
4
What is the hundreds digit of 5087?
0
What is the units digit of 15701?
1
What is the ten thousands digit of 26005?
2
What is the tens digit of 4272?
7
What is the thousands digit of 2604?
2
What is the units digit of 24736?
6
What is the units digit of 134351?
1
What is the thousands digit of 1067?
1
What is the thousands digit of 1296?
1
What is the tens digit of 418?
1
What is the tens digit of 4677?
7
What is the thousands digit of 1757?
1
What is the tens digit of 82909?
0
What is the hundreds digit of 19410?
4
What is the hundred thousands digit of 103995?
1
What is the tho